{"id":394,"date":"2015-01-14T21:08:31","date_gmt":"2015-01-14T21:08:31","guid":{"rendered":"http:\/\/apfisio.pt\/gifpa\/?page_id=394"},"modified":"2015-01-15T10:47:45","modified_gmt":"2015-01-15T10:47:45","slug":"legislacao","status":"publish","type":"page","link":"http:\/\/gifpa.apfisio.pt\/gifpa\/legislacao\/","title":{"rendered":"Legisla\u00e7\u00e3o"},"content":{"rendered":"<p><strong>No link abaixo pode obter informa\u00e7\u00e3o atualizada relativamente \u00e0 atual legisla\u00e7\u00e3o sobre os direitos e responsabilidades da pessoa com amputa\u00e7\u00e3o.<\/strong><\/p>\n[bsk-pdf-manager-pdf id=&#8221;10&#8243;]\n","protected":false},"excerpt":{"rendered":"<p>No link abaixo pode obter informa\u00e7\u00e3o atualizada relativamente \u00e0 atual legisla\u00e7\u00e3o sobre os direitos e responsabilidades da pessoa com amputa\u00e7\u00e3o. [bsk-pdf-manager-pdf id=&#8221;10&#8243;]<\/p>\n","protected":false},"author":1,"featured_media":0,"parent":0,"menu_order":0,"comment_status":"closed","ping_status":"closed","template":"","meta":[],"_links":{"self":[{"href":"http:\/\/gifpa.apfisio.pt\/gifpa\/wp-json\/wp\/v2\/pages\/394"}],"collection":[{"href":"http:\/\/gifpa.apfisio.pt\/gifpa\/wp-json\/wp\/v2\/pages"}],"about":[{"href":"http:\/\/gifpa.apfisio.pt\/gifpa\/wp-json\/wp\/v2\/types\/page"}],"author":[{"embeddable":true,"href":"http:\/\/gifpa.apfisio.pt\/gifpa\/wp-json\/wp\/v2\/users\/1"}],"replies":[{"embeddable":true,"href":"http:\/\/gifpa.apfisio.pt\/gifpa\/wp-json\/wp\/v2\/comments?post=394"}],"version-history":[{"count":5,"href":"http:\/\/gifpa.apfisio.pt\/gifpa\/wp-json\/wp\/v2\/pages\/394\/revisions"}],"predecessor-version":[{"id":400,"href":"http:\/\/gifpa.apfisio.pt\/gifpa\/wp-json\/wp\/v2\/pages\/394\/revisions\/400"}],"wp:attachment":[{"href":"http:\/\/gifpa.apfisio.pt\/gifpa\/wp-json\/wp\/v2\/media?parent=394"}],"curies":[{"name":"wp","href":"https:\/\/api.w.org\/{rel}","templated":true}]}}