{"id":20,"date":"2014-05-09T17:06:35","date_gmt":"2014-05-09T17:06:35","guid":{"rendered":"http:\/\/marte.pt\/gifpa\/?page_id=20"},"modified":"2014-05-09T17:06:35","modified_gmt":"2014-05-09T17:06:35","slug":"missao-e-valores","status":"publish","type":"page","link":"http:\/\/gifpa.apfisio.pt\/gifpa\/missao-e-valores\/","title":{"rendered":"Miss\u00e3o e Valores"},"content":{"rendered":"<h4><strong>Fisioterapia em Pessoas com Amputa\u00e7\u00e3o<\/strong><\/h4>\n<p>A Fisioterapia em pessoas com amputa\u00e7\u00e3o \u00e9 uma \u00e1rea de interven\u00e7\u00e3o que requer conhecimentos e pr\u00e1ticas espec\u00edficas. Estas especificidades de interven\u00e7\u00e3o exigem um fisioterapeuta qualificado com conhecimentos e compet\u00eancias nas \u00e1reas da preven\u00e7\u00e3o, diagn\u00f3stico e tratamento de condi\u00e7\u00f5es de sa\u00fade relacionadas com a amputa\u00e7\u00e3o.<\/p>\n<h4><strong>Fisioterapeuta especialista na interven\u00e7\u00e3o em Pessoas com Amputa\u00e7\u00e3o<\/strong><\/h4>\n<p>O Fisioterapeuta especialista na reabilita\u00e7\u00e3o e tratamento de amputados desempenha a sua actividade na promo\u00e7\u00e3o da sa\u00fade, preven\u00e7\u00e3o da doen\u00e7a e no tratamento das pessoas com amputa\u00e7\u00e3o; disp\u00f5em de um conjunto de conhecimentos e <em>skills<\/em> de interven\u00e7\u00e3o espec\u00edficos, adequando a sua pr\u00e1tica \u00e0s necessidades e particularidades do indiv\u00edduo amputado, procurando promover a sua m\u00e1xima funcionalidade e qualidade de vida.\u00a0Para uma abordagem t\u00e3o espec\u00edfica \u00e9 necess\u00e1rio um desenvolvimento profissional cont\u00ednuo e aprendizagem ao longo da vida. Nesta \u00e1rea de atua\u00e7\u00e3o \u00e9 fundamental um racioc\u00ednio cl\u00ednico adequado para atender as necessidades imediatas, mas tamb\u00e9m a longo prazo e do paciente amputado. Envolve um trabalho multidisciplinar com diferentes profissionais de sa\u00fade e deve ter em conta os objetivos\/expectativas do paciente e dos seus familiares e\/ou cuidadores.<\/p>\n<h3><strong>O GIFPA tem como miss\u00e3o:<\/strong><\/h3>\n<p>Promover as boas pr\u00e1ticas em termos de interven\u00e7\u00e3o da fisioterapia em pessoas com amputa\u00e7\u00e3o;<br \/>\nFacilitar o acesso a documentos reguladores e orientadores da pr\u00e1tica profissional;<br \/>\nContribuir para a forma\u00e7\u00e3o cont\u00ednua dos seus associados;<br \/>\nPrestar esclarecimentos nesta \u00e1rea de interven\u00e7\u00e3o.<\/p>\n","protected":false},"excerpt":{"rendered":"<p>Fisioterapia em Pessoas com Amputa\u00e7\u00e3o A Fisioterapia em pessoas com amputa\u00e7\u00e3o \u00e9 uma \u00e1rea de interven\u00e7\u00e3o que requer conhecimentos e pr\u00e1ticas espec\u00edficas. Estas especificidades de interven\u00e7\u00e3o exigem um fisioterapeuta qualificado com conhecimentos e compet\u00eancias nas \u00e1reas da preven\u00e7\u00e3o, diagn\u00f3stico e tratamento de condi\u00e7\u00f5es de sa\u00fade relacionadas com a amputa\u00e7\u00e3o. Fisioterapeuta especialista na interven\u00e7\u00e3o em Pessoas [&hellip;]<\/p>\n","protected":false},"author":1,"featured_media":0,"parent":0,"menu_order":0,"comment_status":"closed","ping_status":"open","template":"","meta":[],"_links":{"self":[{"href":"http:\/\/gifpa.apfisio.pt\/gifpa\/wp-json\/wp\/v2\/pages\/20"}],"collection":[{"href":"http:\/\/gifpa.apfisio.pt\/gifpa\/wp-json\/wp\/v2\/pages"}],"about":[{"href":"http:\/\/gifpa.apfisio.pt\/gifpa\/wp-json\/wp\/v2\/types\/page"}],"author":[{"embeddable":true,"href":"http:\/\/gifpa.apfisio.pt\/gifpa\/wp-json\/wp\/v2\/users\/1"}],"replies":[{"embeddable":true,"href":"http:\/\/gifpa.apfisio.pt\/gifpa\/wp-json\/wp\/v2\/comments?post=20"}],"version-history":[{"count":0,"href":"http:\/\/gifpa.apfisio.pt\/gifpa\/wp-json\/wp\/v2\/pages\/20\/revisions"}],"wp:attachment":[{"href":"http:\/\/gifpa.apfisio.pt\/gifpa\/wp-json\/wp\/v2\/media?parent=20"}],"curies":[{"name":"wp","href":"https:\/\/api.w.org\/{rel}","templated":true}]}}